 is the tens digit of 4857?
5
What is the tens digit of 2600?
0
What is the hundreds digit of 84638?
6
What is the hundreds digit of 3773?
7
What is the units digit of 94095?
5
What is the thousands digit of 47083?
7
What is the thousands digit of 9674?
9
What is the units digit of 662?
2
What is the units digit of 7710?
0
What is the units digit of 130?
0
What is the units digit of 1137?
7
What is the tens digit of 8158?
5
What is the thousands digit of 47452?
7
What is the tens digit of 64420?
2
What is the hundreds digit of 4030?
0
What is the units digit of 2908?
8
What is the tens digit of 6861?
6
What is the thousands digit of 1332?
1
What is the thousands digit of 6328?
6
What is the hundreds digit of 400?
4
What is the tens digit of 536?
3
What is the hundreds digit of 28400?
4
What is the hundreds digit of 5421?
4
What is the tens digit of 430?
3
What is the hundreds digit of 5758?
7
What is the thousands digit of 100138?
0
What is the units digit of 10706?
6
What is the hundreds digit of 6279?
2
What is the units digit of 8444?
4
What is the hundreds digit of 5045?
0
What is the units digit of 1257?
7
What is the tens digit of 11633?
3
What is the thousands digit of 41458?
1
What is the thousands digit of 21789?
1
What is the thousands digit of 2620?
2
What is the units digit of 7564?
4
What is the tens digit of 2172?
7
What is the units digit of 12838?
8
What is the ten thousands digit of 27176?
2
What is the hundreds digit of 4373?
3
What is the units digit of 2468?
8
What is the hundreds digit of 2864?
8
What is the units digit of 4406?
6
What is the ten thousands digit of 23739?
2
What is the tens digit of 1162?
6
What is the units digit of 2027?
7
What is the tens digit of 554?
5
What is the hundred thousands digit of 161183?
1
What is the thousands digit of 4708?
4
What is the hundreds digit of 1753?
7
What is the tens digit of 304?
0
What is the tens digit of 791?
9
What is the units digit of 6017?
7
What is the hundreds digit of 55448?
4
What is the tens digit of 48921?
2
What is the hundreds digit of 1738?
7
What is the units digit of 18942?
2
What is the hundreds digit of 603?
6
What is the hundreds digit of 1068?
0
What is the hundreds digit of 19006?
0
What is the hundreds digit of 265?
2
What is the tens digit of 1716?
1
What is the hundreds digit of 72055?
0
What is the hundreds digit of 121679?
6
What is the hundreds digit of 21553?
5
What is the thousands digit of 3067?
3
What is the ten thousands digit of 14973?
1
What is the units digit of 92?
2
What is the units digit of 1241?
1
What is the tens digit of 2081?
8
What is the units digit of 22189?
9
What is the thousands digit of 42948?
2
What is the tens digit of 123837?
3
What is the units digit of 1341?
1
What is the tens digit of 4675?
7
What is the hundreds digit of 1348?
3
What is the tens digit of 261?
6
What is the hundreds digit of 142?
1
What is the tens digit of 17355?
5
What is the hundreds digit of 14105?
1
What is the hundreds digit of 1214?
2
What is the tens digit of 527?
2
What is the thousands digit of 2734?
2
What is the thousands digit of 2416?
2
What is the thousands digit of 7617?
7
What is the units digit of 834?
4
What is the hundreds digit of 13400?
4
What is the units digit of 68802?
2
What is the tens digit of 210?
1
What is the hundreds digit of 3565?
5
What is the hundreds digit of 23570?
5
What is the units digit of 963?
3
What is the tens digit of 133?
3
What is the hundreds digit of 160?
1
What is the ten thousands digit of 40348?
4
What is the thousands digit of 1127?
1
What is the tens digit of 24263?
6
What is the thousands digit of 9899?
9
What is the tens digit of 2862?
6
What is the tens digit of 4293?
9
What is the units digit of 55348?
8
What is the hundreds digit of 8398?
3
What is the hundreds digit of 2937?
9
What is the hundreds digit of 3213?
2
What is the units digit of 416?
6
What is the tens digit of 13240?
4
What is the hundreds digit of 3595?
5
What is the units digit of 459?
9
What is the units digit of 6917?
7
What is the tens digit of 22996?
9
What is the thousands digit of 22622?
2
What is the tens digit of 4797?
9
What is the tens digit of 61?
6
What is the thousands digit of 56240?
6
What is the thousands digit of 9573?
9
What is the tens digit of 236?
3
What is the units digit of 2146?
6
What is the hundreds digit of 13346?
3
What is the hundreds digit of 2967?
9
What is the tens digit of 3284?
8
What is the thousands digit of 1811?
1
What is the hundreds digit of 3129?
1
What is the hundreds digit of 276?
2
What is the units digit of 1250?
0
What is the thousands digit of 10370?
0
What is the thousands digit of 16295?
6
What is the hundreds digit of 2550?
5
What is the tens digit of 35167?
6
What is the units digit of 7378?
8
What is the units digit of 80?
0
What is the units digit of 4965?
5
What is the units digit of 1344?
4
What is the tens digit of 517?
1
What is the hundreds digit of 9520?
5
What is the hundreds digit of 11027?
0
What is the hundreds digit of 9413?
4
What is the units digit of 85545?
5
What is the ten thousands digit of 34818?
3
What is the hundreds digit of 2569?
5
What is the tens digit of 1539?
3
What is the hundreds digit of 659?
6
What is the tens digit of 887?
8
What is the ten thousands digit of 61225?
6
What is the units digit of 1531?
1
What is the units digit of 3141?
1
What is the thousands digit of 182179?
2
What is the thousands digit of 1383?
1
What is the units digit of 323?
3
What is the hundreds digit of 325?
3
What is the tens digit of 76?
7
What is the hundreds digit of 54620?
6
What is the units digit of 50709?
9
What is the hundreds digit of 573?
5
What is the tens digit of 684?
8
What is the thousands digit of 2282?
2
What is the tens digit of 46173?
7
What is the thousands digit of 37246?
7
What is the hundreds digit of 26274?
2
What is the tens digit of 137?
3
What is the thousands digit of 17564?
7
What is the tens digit of 402?
0
What is the units digit of 2169?
9
What is the units digit of 6403?
3
What is the thousands digit of 4960?
4
What is the tens digit of 616?
1
What is the thousands digit of 59475?
9
What is the units digit of 205?
5
What is the tens digit of 1223?
2
What is the units digit of 2647?
7
What is the hundreds digit of 3400?
4
What is the ten thousands digit of 20989?
2
What is the units digit of 6927?
7
What is the hundred thousands digit of 117720?
1
What is the ten thousands digit of 96412?
9
What is the hundreds digit of 12006?
0
What is the units digit of 115617?
7
What is the thousands digit of 84086?
4
What is the tens digit of 1206?
0
What is the tens digit of 541?
4
What is the hundreds digit of 879?
8
What is the tens digit of 1830?
3
What is the hundreds digit of 27143?
1
What is the tens digit of 4002?
0
What is the tens digit of 119?
1
What is the tens digit of 283?
8
What is the hundreds digit of 84668?
6
What is the thousands digit of 4553?
4
What is the tens digit of 3704?
0
What is the thousands digit of 2877?
2
What is the thousands digit of 4190?
4
What is the hundreds digit of 420?
4
What is the tens digit of 19541?
4
What is the units digit of 5655?
5
What is the units digit of 2881?
1
What is the ten thousands digit of 27598?
2
What is the hundreds digit of 3542?
5
What is the hundreds digit of 390?
3
What is the ten thousands digit of 88049?
8
What is the units digit of 22621?
1
What is the hundreds digit of 4763?
7
What is the ten thousands digit of 62258?
6
What is the thousands digit of 15856?
5
What is the tens digit of 2953?
5
What is the hundreds digit of 1762?
7
What is the hundreds digit of 12844?
8
What is the units digit of 13173?
3
What is the tens digit of 3642?
4
What is the tens digit of 2047?
4
What is the ten thousands digit of 11109?
1
What is the thousands digit of 27583?
7
What is the tens digit of 87?
8
What is the ten thousands digit of 26212?
2
What is the tens digit of 16303?
0
What is the tens digit of 1378?
7
What is the units digit of 8721?
1
What is the tens digit of 856?
5
What is the hundreds digit of 54010?
0
What is the ten thousands digit of 10738?
1
What is the tens digit of 1874?
7
What is the tens digit of 1451?
5
What is the hundreds digit of 4337?
3
What is the hundreds digit of 